ctors of 284?
2, 71
List the prime factors of 1499.
1499
List the prime factors of 24327.
3, 17, 53
What are the prime factors of 56907?
3, 6323
What are the prime factors of 3886?
2, 29, 67
List the prime factors of 41285.
5, 23, 359
What are the prime factors of 29?
29
What are the prime factors of 2460?
2, 3, 5, 41
List the prime factors of 3947.
3947
What are the prime factors of 54637?
11, 4967
List the prime factors of 30454.
2, 15227
What are the prime factors of 5939?
5939
What are the prime factors of 586?
2, 293
What are the prime factors of 12789?
3, 7, 29
What are the prime factors of 13626?
2, 3, 757
What are the prime factors of 10493?
7, 1499
List the prime factors of 18024.
2, 3, 751
List the prime factors of 61894.
2, 7, 4421
List the prime factors of 37879.
37879
What are the prime factors of 19927?
19927
List the prime factors of 81740.
2, 5, 61, 67
List the prime factors of 70069.
41, 1709
What are the prime factors of 15639?
3, 13, 401
What are the prime factors of 782?
2, 17, 23
List the prime factors of 400.
2, 5
List the prime factors of 26632.
2, 3329
List the prime factors of 62089.
29, 2141
What are the prime factors of 69709?
69709
List the prime factors of 185.
5, 37
List the prime factors of 4312.
2, 7, 11
What are the prime factors of 279?
3, 31
What are the prime factors of 286?
2, 11, 13
What are the prime factors of 125?
5
What are the prime factors of 10327?
23, 449
What are the prime factors of 213?
3, 71
List the prime factors of 3925.
5, 157
List the prime factors of 669.
3, 223
List the prime factors of 34056.
2, 3, 11, 43
What are the prime factors of 9862?
2, 4931
List the prime factors of 56616.
2, 3, 7, 337
List the prime factors of 78101.
78101
List the prime factors of 8142.
2, 3, 23, 59
What are the prime factors of 19119?
3, 6373
What are the prime factors of 3153?
3, 1051
What are the prime factors of 15467?
15467
List the prime factors of 3220.
2, 5, 7, 23
What are the prime factors of 615?
3, 5, 41
List the prime factors of 188.
2, 47
What are the prime factors of 481?
13, 37
What are the prime factors of 52353?
3, 7, 277
What are the prime factors of 856?
2, 107
What are the prime factors of 11570?
2, 5, 13, 89
What are the prime factors of 2101?
11, 191
List the prime factors of 57700.
2, 5, 577
List the prime factors of 149637.
3, 31, 1609
What are the prime factors of 6217?
6217
List the prime factors of 1113.
3, 7, 53
What are the prime factors of 4966?
2, 13, 191
What are the prime factors of 139021?
139021
List the prime factors of 1230.
2, 3, 5, 41
What are the prime factors of 927?
3, 103
What are the prime factors of 29427?
3, 17, 577
List the prime factors of 6065.
5, 1213
List the prime factors of 88607.
88607
What are the prime factors of 6228?
2, 3, 173
What are the prime factors of 1457?
31, 47
What are the prime factors of 58081?
241
What are the prime factors of 19040?
2, 5, 7, 17
What are the prime factors of 867?
3, 17
List the prime factors of 97283.
97283
What are the prime factors of 271?
271
What are the prime factors of 9415?
5, 7, 269
List the prime factors of 85604.
2, 21401
What are the prime factors of 3330?
2, 3, 5, 37
What are the prime factors of 29794?
2, 14897
What are the prime factors of 2448?
2, 3, 17
List the prime factors of 41156.
2, 10289
List the prime factors of 4811.
17, 283
What are the prime factors of 5625?
3, 5
What are the prime factors of 2354?
2, 11, 107
List the prime factors of 15766.
2, 7883
List the prime factors of 531.
3, 59
List the prime factors of 6394.
2, 23, 139
What are the prime factors of 125017?
125017
List the prime factors of 30607.
127, 241
What are the prime factors of 32106?
2, 3, 5351
What are the prime factors of 4911?
3, 1637
What are the prime factors of 10433?
10433
What are the prime factors of 1387?
19, 73
What are the prime factors of 37189?
37189
List the prime factors of 622.
2, 311
List the prime factors of 3119.
3119
List the prime factors of 85701.
3, 7, 11, 53
What are the prime factors of 57377?
181, 317
List the prime factors of 439.
439
List the prime factors of 1373.
1373
List the prime factors of 1999.
1999
List the prime factors of 13042.
2, 6521
What are the prime factors of 6881?
7, 983
List the prime factors of 1197.
3, 7, 19
What are the prime factors of 106?
2, 53
What are the prime factors of 840?
2, 3, 5, 7
List the prime factors of 15295.
5, 7, 19, 23
What are the prime factors of 10908?
2, 3, 101
List the prime factors of 62837.
31, 2027
List the prime factors of 448.
2, 7
List the prime factors of 4693.
13, 19
List the prime factors of 36169.
7, 5167
List the prime factors of 2102.
2, 1051
What are the prime factors of 1481?
1481
List the prime factors of 389.
389
What are the prime factors of 43039?
193, 223
List the prime factors of 91028.
2, 7, 3251
List the prime factors of 9437.
9437
List the prime factors of 3497.
13, 269
What are the prime factors of 1295?
5, 7, 37
What are the prime factors of 2774?
2, 19, 73
List the prime factors of 40844.
2, 10211
What are the prime factors of 3827?
43, 89
List the prime factors of 99664.
2, 6229
List the prime factors of 1181.
1181
What are the prime factors of 1248?
2, 3, 13
What are the prime factors of 6402?
2, 3, 11, 97
What are the prime factors of 4137?
3, 7, 197
List the prime factors of 914.
2, 457
What are the prime factors of 1038?
2, 3, 173
What are the prime factors of 911?
911
What are the prime factors of 41656?
2, 41, 127
What are the prime factors of 23336?
2, 2917
List the prime factors of 2318.
2, 19, 61
List the prime factors of 1489.
1489
What are the prime factors of 561?
3, 11, 17
List the prime factors of 5938.
2, 2969
What are the prime factors of 3089?
3089
List the prime factors of 7689.
3, 11, 233
List the prime factors of 3213.
3, 7, 17
List the prime factors of 15858.
2, 3, 881
What are the prime factors of 6838?
2, 13, 263
List the prime factors of 881.
881
What are the prime factors of 47225?
5, 1889
What are the prime factors of 1088?
2, 17
List the prime factors of 42272.
2, 1321
List the prime factors of 1332.
2, 3, 37
What are the prime factors of 28959?
3, 7, 197
What are the prime factors of 755?
5, 151
What are the prime factors of 4241?
4241
List the prime factors of 3712.
2, 29
List the prime factors of 18671.
18671
List the prime factors of 1004.
2, 251
List the prime factors of 9870.
2, 3, 5, 7, 47
List the prime factors of 3315.
3, 5, 13, 17
List the prime factors of 4996.
2, 1249
List the prime factors of 102915.
3, 5, 2287
List the prime factors of 3317.
31, 107
What are the prime factors of 79253?
41, 1933
What are the prime factors of 176?
2, 11
What are the prime factors of 1073?
29, 37
List the prime factors of 11509.
17, 677
What are the prime factors of 3618?
2, 3, 67
List the prime factors of 6201.
3, 13, 53
List the prime factors of 1605.
3, 5, 107
What are the prime factors of 2211?
3, 11, 67
What are the prime factors of 6789?
3, 31, 73
What are the prime factors of 49099?
37, 1327
What are the prime factors of 16696?
2, 2087
List the prime factors of 153711.
3, 5693
List the prime factors of 1857.
3, 619
What are the prime factors of 6994?
2, 13, 269
List the prime factors of 480.
2, 3, 5
List the prime factors of 26319.
3, 31, 283
What are the prime factors of 119?
7, 17
List the prime factors of 76429.
23, 3323
List the prime factors of 7625.
5, 61
What are the prime factors of 8833?
11, 73
List the prime factors of 1949.
1949
List the prime factors of 1581.
3, 17, 31
List the prime factors of 585.
3, 5, 13
What are the prime factors of 23551?
11, 2141
What are the prime factors of 2326?
2, 1163
List the prime factors of 4064.
2, 127
List the prime factors of 16247.
7, 11, 211
What are the prime factors of 8753?
8753
What are the prime factors of 7210?
2, 5, 7, 103
List the prime factors of 2882.
2, 11, 131
What are the prime factors of 86576?
2, 7, 773
What are the prime factors of 8538?
2, 3, 1423
List the prime factors of 11051.
43, 257
What are the prime factors of 53194?
2, 26597
List the prime factors of 28.
2, 7
List the prime factors of 2411.
2411
What are the prime factors of 614?
2, 307
What are the prime factors of 3266?
2, 23, 71
What are the prime factors of 34761?
3, 11587
Li